pose 4*q = -x*a + 19, 5*q - 4 = 1. Suppose a*j - j = 12. What is the units digit of j?
3
Let i be 0 + (-2)/((-2)/(-1)). Suppose 0 = y - 6*y. Let z = y - i. What is the units digit of z?
1
Let c(o) = -2*o**3 - 9*o**2 + 6*o - 1. Let a(k) = 5*k**3 + 26*k**2 - 17*k + 2. Let q(h) = 3*a(h) + 8*c(h). What is the units digit of q(4)?
8
Suppose -3*h + 106 = -395. What is the units digit of h?
7
Let j = -23 + 32. What is the units digit of j?
9
Suppose 5*k + 15 = -35. Let i(u) = u**2 + 10*u + 8. What is the units digit of i(k)?
8
Let h = -24 + 20. Let k(a) = -2*a**3 - 5*a**2 - 2. What is the tens digit of k(h)?
4
Suppose -3*f + 75 = d, 2*f - 37 = -d + 14. What is the tens digit of f?
2
Let f be (-5)/(-2)*(-36)/(-30). Suppose -4*q + 1 = g - 0*g, 2*g = -f*q - 3. What is the units digit of 28/6 - 1/g?
5
Suppose 52 = 5*q - 23. Let u = q - 8. What is the units digit of u?
7
Let c(x) = -x. Let f = -7 - -2. Let p(g) = -3*g + 1. Let l(a) = f*c(a) + p(a). What is the units digit of l(1)?
3
Suppose -2*y + 117 + 89 = 0. What is the hundreds digit of y?
1
Let x be 1 - 1 - 1 - -4. Suppose 0 = x*l - 50 - 22. What is the units digit of l?
4
Let j be -3*4/(-24)*168. Let l = j - 56. What is the tens digit of l?
2
Suppose -4*s + 92 = 4. Suppose w - 14 = s. What is the units digit of w?
6
Let a be 266/98 - (-2)/7. Suppose 35 + 16 = a*x. What is the units digit of x?
7
Suppose -588 = -15*o + 3*o. What is the units digit of o?
9
Let r(t) = 3*t + 16. What is the tens digit of r(10)?
4
Suppose 5*d = d + 48. Suppose -w - 2*w = -d. Suppose -y + 0*y + w = 0. What is the units digit of y?
4
Suppose 13*j - 74 = 147. What is the units digit of j?
7
Suppose 2*u + 66 = 5*t, -t - 20 = -3*t + 4*u. Let k = t - 6. What is the units digit of k?
8
Let w(m) = 4*m**2. Let s be w(-1). Suppose -3 = -r - p + 1, s*r = 5*p + 16. Suppose -t + 4*t = -r*l + 14, -2*t - 4 = 0. What is the units digit of l?
5
Suppose 0 = 5*n - 13 - 172. What is the units digit of n?
7
Suppose v + 238 = 8*v. What is the tens digit of v?
3
Suppose -3*t + 5*u + 209 = 70, u + 217 = 5*t. What is the tens digit of t?
4
Let g = -26 - -61. Suppose -f - 3*q = 0, -q = f - 3*q - 5. Suppose 0 = -f*b + 5*l + g, -b + 5*l + 17 + 8 = 0. What is the units digit of b?
5
Let p = -2 - -1. Let n = 1 + p. Suppose 0*q + 2 = q - s, n = 4*q - 5*s - 8. What is the units digit of q?
2
Let j(t) = -t**2 - 8*t - 6. Let m be j(-5). What is the units digit of ((-2)/3)/((-1)/m)?
6
Suppose 3*g = -2*g + 10. Let x = g - 10. What is the units digit of 0 + -1 + 0 - x?
7
Suppose -2*c + 5*k + 12 = 0, 14 = -3*c + 7*c - 5*k. What is the units digit of c?
1
Let n = 54 - 25. What is the tens digit of n?
2
Suppose 4*r - 394 = -14. Suppose 0*o - 5*o = -r. What is the units digit of o?
9
Suppose 6 - 2 = 2*o. What is the units digit of 266/21 + o/(-3)?
2
What is the tens digit of 0*3/9 + 16?
1
Let j(m) = -m**3 + 10*m**2. Let v be j(10). Suppose v*u = u - 35. What is the tens digit of u?
3
Suppose 39 = 2*g + g. What is the units digit of g?
3
Let i = 84 - 30. What is the tens digit of i?
5
Let s(x) = -x**2 + 4. Let w(a) = a - 3*a + 3*a + 3. Let r be w(-3). What is the units digit of s(r)?
4
Let y = 1 + -6. Let a = y + 16. What is the units digit of a?
1
Suppose -2*o - s + 5 = -3*o, 4*o = -s + 5. Suppose o*z - 5*z + 50 = 0. What is the units digit of ((-6)/4)/((-3)/z)?
5
Let a(z) = 11*z**2 - 4 + 0 + 2 + 3 + 2*z. Let s be a(-1). Suppose 3*x - 5*h + 2*h = 0, -x - 4*h + s = 0. What is the units digit of x?
2
Let z be (-1)/(-2) - (-30)/20. Suppose z*s - 35 = -3*s. What is the units digit of s?
7
Let l(y) be the second derivative of y**5/20 - 3*y**4/4 - 4*y**3/3 + 5*y**2/2 - 6*y. What is the tens digit of l(10)?
2
Suppose 2*c + 30 = -3*c. Let r = c - -14. What is the units digit of r?
8
Suppose 4*q = q + 6. Suppose -q - 1 = -x. Suppose k - x*k + 24 = 3*t, k - 10 = -t. What is the units digit of k?
6
Let y be 1/(-2)*(0 - 0). Suppose y = -7*j + 22 + 76. What is the units digit of j?
4
Let z(b) be the first derivative of b**4/4 - 4*b**3/3 - 2*b**2 + 6*b - 1. Let p(o) = o**2 - 9*o + 19. Let s be p(7). What is the tens digit of z(s)?
1
Suppose 3*l + i - 23 = 0, 0 = 2*l + 4*i - 3*i - 16. Let o(n) = n**3 - 8*n**2 + 8*n - 3. What is the units digit of o(l)?
4
Let y = -7 - -10. Suppose -67 = -4*c - y. Let r = c + 7. What is the units digit of r?
3
What is the tens digit of (-287)/(-21) - (-1)/3?
1
Suppose 4 = 2*n - 2. Suppose n*y - 44 = -y. Suppose f = 4*z - 19, y + 14 = 5*z. What is the units digit of f?
1
Suppose 0 = s - 6 - 3. Suppose 0 = -t - 3*t - 5*y - s, -5*t = -5*y. What is the units digit of 1 + ((-1)/t - -4)?
6
Suppose -15*u = -10*u - 730. What is the tens digit of u?
4
Let o(c) = c**3 + 3*c**2 - 2*c - 2. Let z be 1/2 + (-6)/(-4). Let j = 4 - z. What is the tens digit of o(j)?
1
Let n(r) = -r**2 + r + 2*r - 3*r**2 + 5*r**2 - 3. What is the units digit of n(-5)?
7
Suppose -3*z + 0 = 9, 2*z = -s - 2. Suppose -77 = -s*m - 25. What is the tens digit of m?
1
Suppose -3*w + 4*w - 62 = 0. Suppose 5*a - w = 8. What is the tens digit of a?
1
Let g = -1 + 4. Suppose g*n + 3 - 9 = 0. What is the units digit of 3*n*6/9?
4
Let u(p) = -p + 9. What is the units digit of u(8)?
1
Suppose r + 3 = 0, 0 = -q - q + 5*r + 15. Let z = -1 + 4. Suppose 0 = -3*t + 5*n - 11, -t + 2*t + z*n - 15 = q. What is the units digit of t?
3
Let m be -5*((-4)/2 + 1). Let o(i) = 2*i - 7. Let w be o(m). What is the units digit of w/(-12) + (-195)/(-12)?
6
Suppose -1 = z - 5. Suppose -4*o = 4*k, 5*o + 10 = k + z*o. Suppose -8 = -k*h + 12. What is the units digit of h?
4
Let k = 14 - 9. Suppose 0 = -4*q + k*w + 80, 3*w + 0*w + 12 = 0. What is the units digit of q?
5
Let w = 4 - 2. What is the units digit of (7/(-21))/(w/(-24))?
4
Let y be 10/(-4)*(-8)/5. Suppose -y*u + 72 = 3*i + 1, 5*u = 2*i - 9. What is the tens digit of i?
1
Let q(j) = j**2 + 6*j. Let w be q(-6). Suppose 5*z + u = -w*u + 15, -5*z - 15 = -5*u. Suppose 3*m - 10 = z*l, 3*m - 8 - 4 = 0. What is the units digit of l?
1
Let a(y) = 2*y - 2. Let k be a(0). Let j = k - -49. What is the units digit of j?
7
What is the units digit of 6/(-3)*(-99)/6?
3
Let x = -61 - -89. What is the tens digit of x?
2
Let y = -5 - -9. Suppose 0 = 3*s + 2*s - 40. Suppose -y*v = -2*v - s. What is the units digit of v?
4
Suppose -4*d = 2*o - 42, 0*d + 4*d - o - 45 = 0. Suppose -13 = -3*c + d. What is the units digit of c?
8
Suppose -34 = -u + 55. What is the tens digit of u?
8
What is the tens digit of ((-174)/8)/(-3)*4?
2
Suppose -7*g = -2*g + 210. What is the units digit of 38/14 - 12/g?
3
Suppose -4*v = 5 + 35. Suppose -5 - 9 = -k. Let f = k + v. What is the units digit of f?
4
Let m(s) = 2*s**3 + 2*s**2 - 3*s - 2. Let f be m(-2). What is the units digit of 2/f - (-10)/4?
2
Suppose 3*k - 3*v - 114 = 0, -k - v + 5*v = -35. What is the units digit of k?
9
Let z(c) = -c - 9. Let d be z(-7). What is the tens digit of 1 + (-29 - -3)/d?
1
Suppose -604 = -l - l + 3*t, 5*t + 906 = 3*l. What is the units digit of l?
2
Let b(q) = -10*q**3 + q - 1. Let x be b(1). Suppose -s - 3*s = -2*y - 10, -y + 10 = 3*s. What is the units digit of (x + y)*4/(-6)?
6
Suppose 0 = -4*a + h + 31 + 11, -4*a + 4*h = -48. Suppose -a*t + 45 = -5*t. What is the units digit of t?
9
Let q(u) = 2*u**2 - 6*u + 13. What is the tens digit of q(14)?
2
What is the tens digit of 23 - (1 - 3 - -5)?
2
Suppose 4*b - 9 = b. Let f be 0/b - (-5 - -3). Suppose -f*s + 20 = 4. What is the units digit of s?
8
Suppose -5*f = -3*f. Let n be (-2 + (f - -3))*25. Suppose 0 = 4*u, 39 + n = 4*x - 3*u. What is the tens digit of x?
1
Suppose 22 = 5*k - 2*a + 6, -5*a - 23 = -4*k. Suppose 5*w + 5 = 0, y - 14 = 4*w - k. What is the units digit of y?
8
Suppose -3*v + 12 = -0*v. Let n be (0 - 1) + 0 + 8. Suppose h - n*x - 8 = -2*x, v*h + 5*x - 32 = 0. What is the units digit of h?
8
Let b(q) = 4*q**2 - 7*q + 5. What is the units digit of b(4)?
1
Let a = 98 + -3. Suppose -4*z + a = z. What is the units digit of z?
9
Let f(k) = -k + 10. Let c be f(5). Let z be 5 + 2 + -4*1. Suppose -4*n = -5*o + 21, o + 3*n - c = z. What is the units digit of o?
5
Let x(a) be the first derivative of a**3/3 + 3*a**2/2 + 5*a - 5. What is the units digit of x(-2)?
3
Let r = 323 + -144. What is the hundreds digit of r?
1
Suppose -16 = -g + 43. Suppose j = 